{"id":783,"date":"2021-07-08T16:49:13","date_gmt":"2021-07-08T14:49:13","guid":{"rendered":"http:\/\/127.0.0.1\/?page_id=783"},"modified":"2025-05-16T11:40:58","modified_gmt":"2025-05-16T09:40:58","slug":"nanophi","status":"publish","type":"page","link":"http:\/\/www.lac.universite-paris-saclay.fr\/?page_id=783","title":{"rendered":"Nano\u00b3"},"content":{"rendered":"\n<h1 class=\"wp-block-heading has-text-align-center has-text-color\" style=\"color:#3c3e3f\">Nano\u00b3<\/h1>\n\n\n<div class=\"wp-block-ub-tabbed-content wp-block-ub-tabbed-content-underline wp-block-ub-tabbed-content-holder wp-block-ub-tabbed-content-horizontal-holder-mobile wp-block-ub-tabbed-content-horizontal-holder-tablet\" id=\"ub-tabbed-content-d259a577-6629-49f8-aca6-3b7bd852e02f\" style=\"\">\n\t\t\t<div class=\"wp-block-ub-tabbed-content-tab-holder horizontal-tab-width-mobile horizontal-tab-width-tablet\">\n\t\t\t\t<div role=\"tablist\" class=\"wp-block-ub-tabbed-content-tabs-title wp-block-ub-tabbed-content-tabs-title-mobile-horizontal-tab wp-block-ub-tabbed-content-tabs-title-tablet-horizontal-tab\" style=\"justify-content: flex-start; \"><div role=\"tab\" id=\"ub-tabbed-content-d259a577-6629-49f8-aca6-3b7bd852e02f-tab-0\" aria-controls=\"ub-tabbed-content-d259a577-6629-49f8-aca6-3b7bd852e02f-panel-0\" aria-selected=\"false\" class=\"wp-block-ub-tabbed-content-tab-title-wrap\" style=\"--ub-tabbed-title-background-color: inherit; --ub-tabbed-active-title-color: inherit; --ub-tabbed-active-title-background-color: inherit; text-align: left; \" tabindex=\"-1\">\n\t\t\t\t<div class=\"wp-block-ub-tabbed-content-tab-title\">Nano\u00b3<\/div>\n\t\t\t<\/div><div role=\"tab\" id=\"ub-tabbed-content-d259a577-6629-49f8-aca6-3b7bd852e02f-tab-1\" aria-controls=\"ub-tabbed-content-d259a577-6629-49f8-aca6-3b7bd852e02f-panel-1\" aria-selected=\"true\" class=\"wp-block-ub-tabbed-content-tab-title-wrap active\" style=\"--ub-tabbed-title-background-color: inherit; --ub-tabbed-active-title-color: inherit; --ub-tabbed-active-title-background-color: inherit; text-align: left; \" tabindex=\"-1\">\n\t\t\t\t<div class=\"wp-block-ub-tabbed-content-tab-title\">Publications (HAL)<\/div>\n\t\t\t<\/div><div role=\"tab\" id=\"ub-tabbed-content-d259a577-6629-49f8-aca6-3b7bd852e02f-tab-2\" aria-controls=\"ub-tabbed-content-d259a577-6629-49f8-aca6-3b7bd852e02f-panel-2\" aria-selected=\"false\" class=\"wp-block-ub-tabbed-content-tab-title-wrap\" style=\"--ub-tabbed-title-background-color: inherit; --ub-tabbed-active-title-color: inherit; --ub-tabbed-active-title-background-color: inherit; text-align: left; \" tabindex=\"-1\">\n\t\t\t\t<div class=\"wp-block-ub-tabbed-content-tab-title\">Ressources<\/div>\n\t\t\t<\/div><\/div>\n\t\t\t<\/div>\n\t\t\t<div class=\"wp-block-ub-tabbed-content-tabs-content\" style=\"\"><div role=\"tabpanel\" class=\"wp-block-ub-tabbed-content-tab-content-wrap ub-hide\" id=\"ub-tabbed-content-d259a577-6629-49f8-aca6-3b7bd852e02f-panel-0\" aria-labelledby=\"ub-tabbed-content-d259a577-6629-49f8-aca6-3b7bd852e02f-tab-0\" tabindex=\"0\">\n<div class=\"wp-block-ultimate-post-heading ultp-block-d9d3e4\"><div class=\"ultp-block-wrapper\"><div class=\"ultp-heading-wrap ultp-heading-style9 ultp-heading-center\"><h2 class=\"ultp-heading-inner\"><span>Pr\u00e9sentation<\/span><\/h2><\/div><\/div><\/div>\n\n\n<img decoding=\"async\" class=\"alignleft\" style=\"float: left; padding-right: 20px;\" src=\"\/wp-content\/uploads\/2021\/08\/nano31.png\" alt=\"alt text\" width=\"429\" height=\"294.7\"><p style=\"font-size: 19px; text-align: justify;\">L\u2019activit\u00e9 de recherche de l\u2019\u00e9quipe Nano<sup>3<\/sup> (Nanoparticules, Nanostructures et Nanomat\u00e9riaux) se situe dans le cadre de l\u2019\u00e9tude et l\u2019ing\u00e9nierie de la mati\u00e8re \u00e0 l\u2019\u00e9chelle nanom\u00e9trique. Notre contribution principale continue \u00e0 s\u2019appuyer sur la production, l\u2019\u00e9tude et l\u2019utilisation d\u2019agr\u00e9gats pr\u00e9form\u00e9s en phase vapeur et\/ou en solution. Cela s\u2019effectue soit par l\u2019\u00e9tude des propri\u00e9t\u00e9s de ses nanoparticules en jet libre, soit par leur utilisation par d\u00e9p\u00f4t ou transfert sur substrat pour la synth\u00e8se de nanostructures et\/ou de mat\u00e9riaux nanostructur\u00e9s, comme un moyen alternatif \u00e0 la gravure lithographique, \u00e0 la manipulation atome par atome, ou aux techniques chimiques de fabrication. Notre activit\u00e9 a connu une \u00e9volution importante de th\u00e9matique et de paradigme, depuis la physique des agr\u00e9gats (ou l\u2019agr\u00e9gat est le sujet) vers une physique des syst\u00e8mes complexes (ou l\u2019agr\u00e9gat est un outil) \u00e0 l\u2019interface avec la chimie, la biologie et\/ou l\u2019ing\u00e9nierie. Une de nos priorit\u00e9s est la valorisation de nanostructures \u00e0 fortes valeurs ajout\u00e9es applicatives. Nous avons diversifi\u00e9, nos moyens de synth\u00e8se et de caract\u00e9risation, tout en restant attach\u00e9 aux th\u00e9matiques historiques du laboratoire (milieux dilu\u00e9s, agr\u00e9gats, jets atomiques et mol\u00e9culaires, laser, spectroscopies, \u2026). L\u2019activit\u00e9 de recherche s\u2019articule autour de 2 op\u00e9rations de recherche au c\u0153ur des pr\u00e9occupations soci\u00e9tales les plus actuelles\u00a0: Sant\u00e9 et Energie.<\/p>\n\n\n\n<div style=\"height:24px\" aria-hidden=\"true\" class=\"wp-block-spacer\"><\/div>\n\n\n\n<div class=\"wp-block-columns is-layout-flex wp-container-core-columns-is-layout-2 wp-block-columns-is-layout-flex\">\n<div class=\"wp-block-column is-layout-flow wp-block-column-is-layout-flow\" style=\"flex-basis:50%\"><div class=\"wp-block-ultimate-post-heading ultp-block-95b42b\"><div class=\"ultp-block-wrapper\"><div class=\"ultp-heading-wrap ultp-heading-style9 ultp-heading-left\"><h2 class=\"ultp-heading-inner\"><span>Op\u00e9rations de Recherche<\/span><\/h2><\/div><\/div><\/div>\n\n<div class=\"ultp-post-grid-block wp-block-ultimate-post-post-grid-2 ultp-block-106511\"><div class=\"ultp-block-wrapper\"><div class=\"ultp-loading\"><div class=\"ultp-loading-blocks\" style=\"width:100%;height:100%;\"><div style=\"left: 0;top: 0;animation-delay:0s;\"><\/div><div style=\"left: 21px;top: 0;animation-delay:0.125s;\"><\/div><div style=\"left: 42px;top: 0;animation-delay:0.25s;\"><\/div><div style=\"left: 0;top: 21px;animation-delay:0.875s;\"><\/div><div style=\"left: 42px;top: 21px;animation-delay:0.375s;\"><\/div><div style=\"left: 0;top: 42px;animation-delay:0.75s;\"><\/div><div style=\"left: 42px;top: 42px;animation-delay:0.625s;\"><\/div><div style=\"left: 21px;top: 42px;animation-delay:0.5s;\"><\/div><\/div><\/div><div class=\"ultp-block-items-wrap ultp-block-row\"><div class=\"ultp-block-item post-id-1187\"><div class=\"ultp-block-content-wrap ultp-block-content-overlay\"><div class=\"ultp-block-image ultp-block-image-zoomOut ultp-block-image-overlay ultp-block-image-simgleGradient\"><a href=\"http:\/\/www.lac.universite-paris-saclay.fr\/?page_id=1187\"><img decoding=\"async\" alt=\"Nano\u00b3 Sant\u00e9\" src=\"http:\/\/www.lac.universite-paris-saclay.fr\/wp-content\/uploads\/2021\/07\/Nano3_Sante2-870x570.jpg\"><\/a><\/div><div class=\"ultp-block-content ultp-block-content-bottomPosition\"><div class=\"ultp-block-content-inner\"><div class=\"ultp-category-grid ultp-category-classic ultp-category-aboveTitle\"><div class=\"ultp-category-in\"><\/div><\/div><h3 class=\"ultp-block-title\"><a href=\"http:\/\/www.lac.universite-paris-saclay.fr\/?page_id=1187\">Nano\u00b3 Sant\u00e9<\/a><\/h3><\/div><\/div><\/div><\/div><div class=\"ultp-block-item post-id-1185\"><div class=\"ultp-block-content-wrap ultp-block-content-overlay\"><div class=\"ultp-block-image ultp-block-image-zoomOut ultp-block-image-overlay ultp-block-image-simgleGradient\"><a href=\"http:\/\/www.lac.universite-paris-saclay.fr\/?page_id=1185\"><img decoding=\"async\" alt=\"Nano\u00b3 Energie\" src=\"http:\/\/www.lac.universite-paris-saclay.fr\/wp-content\/uploads\/2021\/08\/Nano32.png\"><\/a><\/div><div class=\"ultp-block-content ultp-block-content-bottomPosition\"><div class=\"ultp-block-content-inner\"><div class=\"ultp-category-grid ultp-category-classic ultp-category-aboveTitle\"><div class=\"ultp-category-in\"><\/div><\/div><h3 class=\"ultp-block-title\"><a href=\"http:\/\/www.lac.universite-paris-saclay.fr\/?page_id=1185\">Nano\u00b3 Energie<\/a><\/h3><\/div><\/div><\/div><\/div><\/div><\/div><div class=\"pagination-block-html\" aria-hidden=\"true\" style=\"display: none;\"><\/div><\/div><\/div>\n\n\n\n<div class=\"wp-block-column is-layout-flow wp-block-column-is-layout-flow\"><div class=\"wp-block-ultimate-post-heading ultp-block-806240\"><div class=\"ultp-block-wrapper\"><div class=\"ultp-heading-wrap ultp-heading-style9 ultp-heading-left\"><h2 class=\"ultp-heading-inner\"><span>Membres<\/span><\/h2><\/div><\/div><\/div>\n\n\n<div class=\"wp-block-columns is-layout-flex wp-container-core-columns-is-layout-1 wp-block-columns-is-layout-flex\">\n<div class=\"wp-block-column is-layout-flow wp-block-column-is-layout-flow\"><div class=\"wp-block-ultimate-post-heading ultp-block-43a140\"><div class=\"ultp-block-wrapper\"><div class=\"ultp-heading-wrap ultp-heading-style15 ultp-heading-left\"><h2 class=\"ultp-heading-inner\"><span>Permanents<\/span><\/h2><\/div><\/div><\/div>\n\n\n<ul class=\"wp-block-list\">\n<li><strong>Nouari KEBA\u00cfLI (MCF, coordinateur)<\/strong><\/li>\n\n\n\n<li>J\u00e9r\u00f4me LEYGNIER (PR)<\/li>\n\n\n\n<li>Alain SARFATI (PR)<\/li>\n<\/ul>\n\n\n<div class=\"wp-block-ultimate-post-heading ultp-block-1a3c43\"><div class=\"ultp-block-wrapper\"><div class=\"ultp-heading-wrap ultp-heading-style15 ultp-heading-left\"><h2 class=\"ultp-heading-inner\"><span>Non Permanents<\/span><\/h2><\/div><\/div><\/div>\n\n\n<ul class=\"wp-block-list\">\n<li>Reem TAMBOSI (Post-Doc)<\/li>\n<\/ul>\n\n\n<div class=\"wp-block-ultimate-post-heading ultp-block-0479ea\"><div class=\"ultp-block-wrapper\"><div class=\"ultp-heading-wrap ultp-heading-style15 ultp-heading-left\"><h2 class=\"ultp-heading-inner\"><span>Anciens membres<\/span><\/h2><\/div><\/div><\/div>\n\n\n<ul class=\"wp-block-list has-cyan-bluish-gray-color has-text-color\">\n<li>Vladimir AKOULINE<\/li>\n<\/ul>\n<\/div>\n<\/div>\n<\/div>\n<\/div>\n\n\n\n<p><\/p>\n\n<\/div><div role=\"tabpanel\" class=\"wp-block-ub-tabbed-content-tab-content-wrap active\" id=\"ub-tabbed-content-d259a577-6629-49f8-aca6-3b7bd852e02f-panel-1\" aria-labelledby=\"ub-tabbed-content-d259a577-6629-49f8-aca6-3b7bd852e02f-tab-1\" tabindex=\"0\">\n\n<iframe loading=\"lazy\" src=\"https:\/\/hal.science\/search\/index?q=+kebaili+LAC\" width=\"1700\" height=\"1000\"><\/iframe>\n\n\n\n<p><\/p>\n\n<\/div><div role=\"tabpanel\" class=\"wp-block-ub-tabbed-content-tab-content-wrap ub-hide\" id=\"ub-tabbed-content-d259a577-6629-49f8-aca6-3b7bd852e02f-panel-2\" aria-labelledby=\"ub-tabbed-content-d259a577-6629-49f8-aca6-3b7bd852e02f-tab-2\" tabindex=\"0\">\n<div class=\"wp-block-ultimate-post-heading ultp-block-3ae8b7\"><div class=\"ultp-block-wrapper\"><div class=\"ultp-heading-wrap ultp-heading-style9 ultp-heading-center\"><h2 class=\"ultp-heading-inner\"><span>Rapports d&#8217;Activit\u00e9s<\/span><\/h2><\/div><\/div><\/div>\n\n<div class=\"wp-block-ub-content-toggle wp-block-ub-content-toggle-block\" id=\"ub-content-toggle-block-b3baadb5-6e15-42d6-98a8-50d282804f02\" data-mobilecollapse=\"false\" data-desktopcollapse=\"true\" data-preventcollapse=\"false\" data-showonlyone=\"false\">\n<div class=\"wp-block-ub-content-toggle-accordion\" style=\"border-color: #f1f1f1; \" id=\"ub-content-toggle-panel-block-\">\n\t\t\t<div class=\"wp-block-ub-content-toggle-accordion-title-wrap\" style=\"background-color: #f1f1f1;\" aria-controls=\"ub-content-toggle-panel-0-b3baadb5-6e15-42d6-98a8-50d282804f02\" tabindex=\"0\">\n\t\t\t<p class=\"wp-block-ub-content-toggle-accordion-title ub-content-toggle-title-b3baadb5-6e15-42d6-98a8-50d282804f02\" style=\"color: #000000; \">2021<\/p>\n\t\t\t<div class=\"wp-block-ub-content-toggle-accordion-toggle-wrap right\" style=\"color: #000000;\"><span class=\"wp-block-ub-content-toggle-accordion-state-indicator wp-block-ub-math-plus\"><\/span><\/div>\n\t\t<\/div>\n\t\t\t<div role=\"region\" aria-expanded=\"false\" class=\"wp-block-ub-content-toggle-accordion-content-wrap ub-hide\" id=\"ub-content-toggle-panel-0-b3baadb5-6e15-42d6-98a8-50d282804f02\">\n\n<p><\/p>\n\n<\/div>\n\t\t<\/div>\n<\/div>\n\n<div class=\"wp-block-ultimate-post-heading ultp-block-b3ddc4\"><div class=\"ultp-block-wrapper\"><div class=\"ultp-heading-wrap ultp-heading-style9 ultp-heading-center\"><h2 class=\"ultp-heading-inner\"><span>Rapports de Stage<\/span><\/h2><\/div><\/div><\/div>\n\n<div class=\"wp-block-ub-content-toggle wp-block-ub-content-toggle-block\" id=\"ub-content-toggle-block-0d0354ee-d767-42bf-a90e-3d46428c8184\" data-mobilecollapse=\"false\" data-desktopcollapse=\"true\" data-preventcollapse=\"false\" data-showonlyone=\"false\">\n<div class=\"wp-block-ub-content-toggle-accordion\" style=\"border-color: #f1f1f1; \" id=\"ub-content-toggle-panel-block-\">\n\t\t\t<div class=\"wp-block-ub-content-toggle-accordion-title-wrap\" style=\"background-color: #f1f1f1;\" aria-controls=\"ub-content-toggle-panel-0-0d0354ee-d767-42bf-a90e-3d46428c8184\" tabindex=\"0\">\n\t\t\t<p class=\"wp-block-ub-content-toggle-accordion-title ub-content-toggle-title-0d0354ee-d767-42bf-a90e-3d46428c8184\" style=\"color: #000000; \">2021<\/p>\n\t\t\t<div class=\"wp-block-ub-content-toggle-accordion-toggle-wrap right\" style=\"color: #000000;\"><span class=\"wp-block-ub-content-toggle-accordion-state-indicator wp-block-ub-math-plus\"><\/span><\/div>\n\t\t<\/div>\n\t\t\t<div role=\"region\" aria-expanded=\"false\" class=\"wp-block-ub-content-toggle-accordion-content-wrap ub-hide\" id=\"ub-content-toggle-panel-0-0d0354ee-d767-42bf-a90e-3d46428c8184\">\n\n<p><\/p>\n\n<\/div>\n\t\t<\/div>\n<\/div>\n\n<div class=\"wp-block-ultimate-post-heading ultp-block-622b19\"><div class=\"ultp-block-wrapper\"><div class=\"ultp-heading-wrap ultp-heading-style9 ultp-heading-center\"><h2 class=\"ultp-heading-inner\"><span>Posters<\/span><\/h2><\/div><\/div><\/div>\n\n<div class=\"wp-block-ub-content-toggle wp-block-ub-content-toggle-block\" id=\"ub-content-toggle-block-6c4e05d4-c547-4cf0-9af2-5dc61cad9857\" data-mobilecollapse=\"false\" data-desktopcollapse=\"true\" data-preventcollapse=\"false\" data-showonlyone=\"false\">\n<div class=\"wp-block-ub-content-toggle-accordion\" style=\"border-color: #f1f1f1; \" id=\"ub-content-toggle-panel-block-\">\n\t\t\t<div class=\"wp-block-ub-content-toggle-accordion-title-wrap\" style=\"background-color: #f1f1f1;\" aria-controls=\"ub-content-toggle-panel-0-6c4e05d4-c547-4cf0-9af2-5dc61cad9857\" tabindex=\"0\">\n\t\t\t<p class=\"wp-block-ub-content-toggle-accordion-title ub-content-toggle-title-6c4e05d4-c547-4cf0-9af2-5dc61cad9857\" style=\"color: #000000; \">2021<\/p>\n\t\t\t<div class=\"wp-block-ub-content-toggle-accordion-toggle-wrap right\" style=\"color: #000000;\"><span class=\"wp-block-ub-content-toggle-accordion-state-indicator wp-block-ub-math-plus\"><\/span><\/div>\n\t\t<\/div>\n\t\t\t<div role=\"region\" aria-expanded=\"false\" class=\"wp-block-ub-content-toggle-accordion-content-wrap ub-hide\" id=\"ub-content-toggle-panel-0-6c4e05d4-c547-4cf0-9af2-5dc61cad9857\">\n\n<p><\/p>\n\n<\/div>\n\t\t<\/div>\n<\/div>\n\n\n<p><\/p>\n\n<\/div><\/div>\n\t\t<\/div>","protected":false},"excerpt":{"rendered":"<p>Nano\u00b3<\/p>\n","protected":false},"author":1,"featured_media":1834,"parent":0,"menu_order":0,"comment_status":"closed","ping_status":"closed","template":"","meta":{"footnotes":""},"class_list":["post-783","page","type-page","status-publish","has-post-thumbnail","hentry"],"featured_image_src":"http:\/\/www.lac.universite-paris-saclay.fr\/wp-content\/uploads\/2021\/07\/Nano3_1-scaled.jpg","yoast_head":"<!-- This site is optimized with the Yoast SEO plugin v25.6 - https:\/\/yoast.com\/wordpress\/plugins\/seo\/ -->\n<title>Nano\u00b3 - LAC<\/title>\n<meta name=\"robots\" content=\"index, follow, max-snippet:-1, max-image-preview:large, max-video-preview:-1\" \/>\n<link rel=\"canonical\" href=\"http:\/\/www.lac.universite-paris-saclay.fr\/?page_id=783\" \/>\n<meta name=\"twitter:card\" content=\"summary_large_image\" \/>\n<meta name=\"twitter:title\" content=\"Nano\u00b3 - LAC\" \/>\n<meta name=\"twitter:description\" content=\"Nano\u00b3\" \/>\n<meta name=\"twitter:image\" content=\"http:\/\/www.lac.universite-paris-saclay.fr\/wp-content\/uploads\/2021\/07\/Nano3_1-scaled.jpg\" \/>\n<meta name=\"twitter:label1\" content=\"Est. reading time\" \/>\n\t<meta name=\"twitter:data1\" content=\"2 minutes\" \/>\n<script type=\"application\/ld+json\" class=\"yoast-schema-graph\">{\"@context\":\"https:\/\/schema.org\",\"@graph\":[{\"@type\":\"WebPage\",\"@id\":\"http:\/\/www.lac.universite-paris-saclay.fr\/?page_id=783\",\"url\":\"http:\/\/www.lac.universite-paris-saclay.fr\/?page_id=783\",\"name\":\"Nano\u00b3 - LAC\",\"isPartOf\":{\"@id\":\"http:\/\/www.lac.universite-paris-saclay.fr\/#website\"},\"primaryImageOfPage\":{\"@id\":\"http:\/\/www.lac.universite-paris-saclay.fr\/?page_id=783#primaryimage\"},\"image\":{\"@id\":\"http:\/\/www.lac.universite-paris-saclay.fr\/?page_id=783#primaryimage\"},\"thumbnailUrl\":\"http:\/\/www.lac.universite-paris-saclay.fr\/wp-content\/uploads\/2021\/07\/Nano3_1-scaled.jpg\",\"datePublished\":\"2021-07-08T14:49:13+00:00\",\"dateModified\":\"2025-05-16T09:40:58+00:00\",\"breadcrumb\":{\"@id\":\"http:\/\/www.lac.universite-paris-saclay.fr\/?page_id=783#breadcrumb\"},\"inLanguage\":\"en-US\",\"potentialAction\":[{\"@type\":\"ReadAction\",\"target\":[\"http:\/\/www.lac.universite-paris-saclay.fr\/?page_id=783\"]}]},{\"@type\":\"ImageObject\",\"inLanguage\":\"en-US\",\"@id\":\"http:\/\/www.lac.universite-paris-saclay.fr\/?page_id=783#primaryimage\",\"url\":\"http:\/\/www.lac.universite-paris-saclay.fr\/wp-content\/uploads\/2021\/07\/Nano3_1-scaled.jpg\",\"contentUrl\":\"http:\/\/www.lac.universite-paris-saclay.fr\/wp-content\/uploads\/2021\/07\/Nano3_1-scaled.jpg\",\"width\":2560,\"height\":1707},{\"@type\":\"BreadcrumbList\",\"@id\":\"http:\/\/www.lac.universite-paris-saclay.fr\/?page_id=783#breadcrumb\",\"itemListElement\":[{\"@type\":\"ListItem\",\"position\":1,\"name\":\"Accueil\",\"item\":\"http:\/\/www.lac.universite-paris-saclay.fr\/\"},{\"@type\":\"ListItem\",\"position\":2,\"name\":\"Nano\u00b3\"}]},{\"@type\":\"WebSite\",\"@id\":\"http:\/\/www.lac.universite-paris-saclay.fr\/#website\",\"url\":\"http:\/\/www.lac.universite-paris-saclay.fr\/\",\"name\":\"LAC\",\"description\":\"Laboratoire Aim\u00e9 Cotton\",\"publisher\":{\"@id\":\"http:\/\/www.lac.universite-paris-saclay.fr\/#organization\"},\"potentialAction\":[{\"@type\":\"SearchAction\",\"target\":{\"@type\":\"EntryPoint\",\"urlTemplate\":\"http:\/\/www.lac.universite-paris-saclay.fr\/?s={search_term_string}\"},\"query-input\":{\"@type\":\"PropertyValueSpecification\",\"valueRequired\":true,\"valueName\":\"search_term_string\"}}],\"inLanguage\":\"en-US\"},{\"@type\":\"Organization\",\"@id\":\"http:\/\/www.lac.universite-paris-saclay.fr\/#organization\",\"name\":\"LAC\",\"url\":\"http:\/\/www.lac.universite-paris-saclay.fr\/\",\"logo\":{\"@type\":\"ImageObject\",\"inLanguage\":\"en-US\",\"@id\":\"http:\/\/www.lac.universite-paris-saclay.fr\/#\/schema\/logo\/image\/\",\"url\":\"http:\/\/www.lac.universite-paris-saclay.fr\/wp-content\/uploads\/2022\/01\/cropped-logo_LAC-240.png\",\"contentUrl\":\"http:\/\/www.lac.universite-paris-saclay.fr\/wp-content\/uploads\/2022\/01\/cropped-logo_LAC-240.png\",\"width\":240,\"height\":76,\"caption\":\"LAC\"},\"image\":{\"@id\":\"http:\/\/www.lac.universite-paris-saclay.fr\/#\/schema\/logo\/image\/\"}}]}<\/script>\n<!-- \/ Yoast SEO plugin. -->","yoast_head_json":{"title":"Nano\u00b3 - LAC","robots":{"index":"index","follow":"follow","max-snippet":"max-snippet:-1","max-image-preview":"max-image-preview:large","max-video-preview":"max-video-preview:-1"},"canonical":"http:\/\/www.lac.universite-paris-saclay.fr\/?page_id=783","twitter_card":"summary_large_image","twitter_title":"Nano\u00b3 - LAC","twitter_description":"Nano\u00b3","twitter_image":"http:\/\/www.lac.universite-paris-saclay.fr\/wp-content\/uploads\/2021\/07\/Nano3_1-scaled.jpg","twitter_misc":{"Est. reading time":"2 minutes"},"schema":{"@context":"https:\/\/schema.org","@graph":[{"@type":"WebPage","@id":"http:\/\/www.lac.universite-paris-saclay.fr\/?page_id=783","url":"http:\/\/www.lac.universite-paris-saclay.fr\/?page_id=783","name":"Nano\u00b3 - LAC","isPartOf":{"@id":"http:\/\/www.lac.universite-paris-saclay.fr\/#website"},"primaryImageOfPage":{"@id":"http:\/\/www.lac.universite-paris-saclay.fr\/?page_id=783#primaryimage"},"image":{"@id":"http:\/\/www.lac.universite-paris-saclay.fr\/?page_id=783#primaryimage"},"thumbnailUrl":"http:\/\/www.lac.universite-paris-saclay.fr\/wp-content\/uploads\/2021\/07\/Nano3_1-scaled.jpg","datePublished":"2021-07-08T14:49:13+00:00","dateModified":"2025-05-16T09:40:58+00:00","breadcrumb":{"@id":"http:\/\/www.lac.universite-paris-saclay.fr\/?page_id=783#breadcrumb"},"inLanguage":"en-US","potentialAction":[{"@type":"ReadAction","target":["http:\/\/www.lac.universite-paris-saclay.fr\/?page_id=783"]}]},{"@type":"ImageObject","inLanguage":"en-US","@id":"http:\/\/www.lac.universite-paris-saclay.fr\/?page_id=783#primaryimage","url":"http:\/\/www.lac.universite-paris-saclay.fr\/wp-content\/uploads\/2021\/07\/Nano3_1-scaled.jpg","contentUrl":"http:\/\/www.lac.universite-paris-saclay.fr\/wp-content\/uploads\/2021\/07\/Nano3_1-scaled.jpg","width":2560,"height":1707},{"@type":"BreadcrumbList","@id":"http:\/\/www.lac.universite-paris-saclay.fr\/?page_id=783#breadcrumb","itemListElement":[{"@type":"ListItem","position":1,"name":"Accueil","item":"http:\/\/www.lac.universite-paris-saclay.fr\/"},{"@type":"ListItem","position":2,"name":"Nano\u00b3"}]},{"@type":"WebSite","@id":"http:\/\/www.lac.universite-paris-saclay.fr\/#website","url":"http:\/\/www.lac.universite-paris-saclay.fr\/","name":"LAC","description":"Laboratoire Aim\u00e9 Cotton","publisher":{"@id":"http:\/\/www.lac.universite-paris-saclay.fr\/#organization"},"potentialAction":[{"@type":"SearchAction","target":{"@type":"EntryPoint","urlTemplate":"http:\/\/www.lac.universite-paris-saclay.fr\/?s={search_term_string}"},"query-input":{"@type":"PropertyValueSpecification","valueRequired":true,"valueName":"search_term_string"}}],"inLanguage":"en-US"},{"@type":"Organization","@id":"http:\/\/www.lac.universite-paris-saclay.fr\/#organization","name":"LAC","url":"http:\/\/www.lac.universite-paris-saclay.fr\/","logo":{"@type":"ImageObject","inLanguage":"en-US","@id":"http:\/\/www.lac.universite-paris-saclay.fr\/#\/schema\/logo\/image\/","url":"http:\/\/www.lac.universite-paris-saclay.fr\/wp-content\/uploads\/2022\/01\/cropped-logo_LAC-240.png","contentUrl":"http:\/\/www.lac.universite-paris-saclay.fr\/wp-content\/uploads\/2022\/01\/cropped-logo_LAC-240.png","width":240,"height":76,"caption":"LAC"},"image":{"@id":"http:\/\/www.lac.universite-paris-saclay.fr\/#\/schema\/logo\/image\/"}}]}},"_links":{"self":[{"href":"http:\/\/www.lac.universite-paris-saclay.fr\/index.php?rest_route=\/wp\/v2\/pages\/783"}],"collection":[{"href":"http:\/\/www.lac.universite-paris-saclay.fr\/index.php?rest_route=\/wp\/v2\/pages"}],"about":[{"href":"http:\/\/www.lac.universite-paris-saclay.fr\/index.php?rest_route=\/wp\/v2\/types\/page"}],"author":[{"embeddable":true,"href":"http:\/\/www.lac.universite-paris-saclay.fr\/index.php?rest_route=\/wp\/v2\/users\/1"}],"replies":[{"embeddable":true,"href":"http:\/\/www.lac.universite-paris-saclay.fr\/index.php?rest_route=%2Fwp%2Fv2%2Fcomments&post=783"}],"version-history":[{"count":50,"href":"http:\/\/www.lac.universite-paris-saclay.fr\/index.php?rest_route=\/wp\/v2\/pages\/783\/revisions"}],"predecessor-version":[{"id":5245,"href":"http:\/\/www.lac.universite-paris-saclay.fr\/index.php?rest_route=\/wp\/v2\/pages\/783\/revisions\/5245"}],"wp:featuredmedia":[{"embeddable":true,"href":"http:\/\/www.lac.universite-paris-saclay.fr\/index.php?rest_route=\/wp\/v2\/media\/1834"}],"wp:attachment":[{"href":"http:\/\/www.lac.universite-paris-saclay.fr\/index.php?rest_route=%2Fwp%2Fv2%2Fmedia&parent=783"}],"curies":[{"name":"wp","href":"https:\/\/api.w.org\/{rel}","templated":true}]}}